f p.
3, 17
Suppose 4*j = 2*b - 30, j + 4*b + 70 = -4*j. Let f(k) = 3*k + 1. Let x(i) = -5*i - 2. Let g(m) = -2*f(m) - x(m). List the prime factors of g(j).
2, 5
Suppose 0 = 3443*f - 3454*f + 27049. What are the prime factors of f?
2459
Suppose 4*u - 6*g + g = 619, -464 = -3*u + 4*g. What are the prime factors of u?
2, 3, 13
Suppose 4*h = 9*h - 35. Let a(g) = g**3 - 5*g**2 - 12*g - 2. List the prime factors of a(h).
2, 3
Let d be 0/(1 + -3 + 4). Let f be 1*-1 + -3 + d. What are the prime factors of 5/(-20)*f*81?
3
What are the prime factors of (7344/(-81))/((-6)/9)?
2, 17
What are the prime factors of 0*(-13)/(-65) + (301 - -1)?
2, 151
Let t(c) = -c**3 + 2*c**2 - 2*c - 2. Let q be t(0). What are the prime factors of 2 + q - -1 - -85?
2, 43
List the prime factors of 10*10 - (-10 + 10).
2, 5
Suppose 10800 = -4*d + 20*d. What are the prime factors of d?
3, 5
Suppose 39 = 3*z - 30. Let i = z - -20. List the prime factors of i.
43
Suppose -5*j = -6508 - 867. What are the prime factors of j?
5, 59
Let t = 5900 + -3549. What are the prime factors of t?
2351
Let s(l) = 17*l - 4. Let g = -4 + 9. Suppose -5*x - g*r = -25, -x = 2*x - r - 3. List the prime factors of s(x).
2, 3, 5
Let v(y) = -y**3 + y**2 - y + 74. Let q be 0/((-10)/(-2) + -3). List the prime factors of v(q).
2, 37
Let r be 62/14 + 8/14. Let m be r/10*1*20. List the prime factors of 38/5 - m/(-25).
2
Suppose 9*v = 368 - 26. What are the prime factors of v?
2, 19
Let n(j) = -479*j - 38. List the prime factors of n(-6).
2, 709
Suppose -1930 = -5*l - 3*n, -4*l - 167*n + 164*n = -1541. What are the prime factors of l?
389
What are the prime factors of (2 - -631)/(10/(1200/36))?
2, 5, 211
Suppose 1170 = -6*x + 8*x. List the prime factors of (-12)/(-5)*x/18.
2, 3, 13
Let r = 183 - 178. Let q be -1*((-2)/2 + -1). Suppose -5*d - 3*b + q + 77 = 0, d + r*b - 7 = 0. What are the prime factors of d?
17
Let s = -41 + 81. Let f(w) = w + 8. Let u be f(-6). Suppose 0 = 6*p - u*p - s. What are the prime factors of p?
2, 5
Suppose 6 = 4*a - 14. Let h(i) = -5*i - 10. Let w(n) = -14*n - 30. Let r(j) = 11*h(j) - 4*w(j). List the prime factors of r(a).
3, 5
Let c = 5 - 3. Let d be c - (-1 + 2 - 1). Suppose -60 = -d*x + 4. What are the prime factors of x?
2
Let y = 22 + -12. Suppose 7*m - y*m = -57. List the prime factors of m.
19
Let p(o) = o**3 - 7*o**2 + o + 9. Let k = -4 - -9. Suppose k*q - 51 = -4*v, 2 = -2*v + 10. What are the prime factors of p(q)?
2
Let d(h) be the first derivative of -h**3/3 - 6*h**2 - 12*h - 3. What are the prime factors of d(-7)?
23
What are the prime factors of (22005/(-30))/(4/(-8))?
3, 163
Suppose g = 5*g - 24. Suppose 0 = 2*q + 5*o - 71, 3*q + o - g*o - 144 = 0. List the prime factors of q.
43
Let t(b) = 14*b + 1. Let c be t(19). What are the prime factors of c + 3/(-3) - 2?
2, 3, 11
Let x(b) = b**3 + 24*b**2 + 57*b + 8. What are the prime factors of x(-6)?
2, 157
Let q(o) = -71*o + 6. Let m be q(-1). Let s = 145 - m. What are the prime factors of s?
2, 17
Let f(v) = 20*v - 68. What are the prime factors of f(13)?
2, 3
Suppose 0*x + 3*x - 144 = -3*p, 5*p = 5*x + 250. List the prime factors of (-14)/p - 1822/(-7).
2, 5, 13
Suppose -7*r = -2*r + 5. Let l be ((-14)/(-2))/(r - 0). Let p = l + 20. What are the prime factors of p?
13
Let u be 108/4*(-2)/6. Let n = u - -24. Suppose n = a - 5*g, -a + 3*g + 19 = -g. List the prime factors of a.
5, 7
Suppose -2*k + 4792 = -3*t + 1559, 4832 = 3*k - t. What are the prime factors of k?
1609
Suppose -r + 2*r = -4*d + 19, -5*r + 7 = -2*d. Suppose -d*a - 25 = a. Let z = a + 8. What are the prime factors of z?
3
Suppose -4*l = -5*i - 7*l + 2113, 2*i - l - 854 = 0. What are the prime factors of i?
5, 17
Let y(a) = 370*a**2 + 28*a + 26. List the prime factors of y(-1).
2, 23
Suppose -5*c + p = -2715, 3*c + 3*p - 1629 = 2*p. What are the prime factors of c?
3, 181
Suppose -5*m = -3*l - 2*l + 85, -2*l + 29 = 3*m. Suppose 2*s - 4*u = 64, -s - u - u = -l. Let q = 21 + s. List the prime factors of q.
3, 5
Suppose -7199 = -23*r + 2277. List the prime factors of r.
2, 103
Suppose 0 = 3*m - 6*m + 30. Suppose -4*i + 30 = m. Suppose 0 = 5*z - 3*g - 61, 2*z + i*g - 29 = z. List the prime factors of z.
2, 7
Suppose -5*v - 7*r + 9*r = -7122, 3*v = r + 4274. What are the prime factors of v?
2, 23, 31
Let v = 762 - 490. What are the prime factors of v?
2, 17
Let x(d) = d**2 + 26*d - 69. List the prime factors of x(16).
3, 67
Let n(l) = -1215*l - 179. List the prime factors of n(-3).
2, 1733
Let j be 8/2 + 1716/11. Let n = 279 - j. What are the prime factors of n?
7, 17
Suppose -2496 = 16*c - 20*c. What are the prime factors of c?
2, 3, 13
Let y(s) = s**3 - 2*s**2 + 16*s - 113. What are the prime factors of y(9)?
2, 13, 23
Suppose -2*a - 309 = -3*y, -3*a = -2*a. Let q = y - 51. Let j = -26 + q. What are the prime factors of j?
2, 13
What are the prime factors of ((-78)/(-9))/((-2)/(-96))?
2, 13
Let j = 3 + 28. Suppose j = 3*l - 335. What are the prime factors of l?
2, 61
Let w(y) = -y**2 - 2*y - 4. Let k be w(-2). Let o be k/(-8)*46*1. Let v = o - 18. List the prime factors of v.
5
Suppose -4*c + 35 = c. Suppose -354 = -c*f + 24. What are the prime factors of f?
2, 3
Let i(j) = 5613*j - 7. List the prime factors of i(1).
2, 2803
Let c(l) = -9 + 8*l + 14 + 7*l. Let j be c(5). Suppose 2*n = 5*s + 30, -5*n + j = -n - 5*s. List the prime factors of n.
5
Suppose -3*w + 5*a + 5646 = 0, -3*w = 5*a - 5153 - 523. What are the prime factors of w?
3, 17, 37
Let l(h) = h**2 - 4*h + 4. Let g be l(2). List the prime factors of 206*(g - 4)/(-4).
2, 103
Suppose h = -h - z + 37, 4*h + z = 71. Let k = h - 3. What are the prime factors of k?
2, 7
Let s be -4 - (-30 - (-3 - -5)). Let p = s - 25. Suppose -o = p*o, 2*z = -2*o + 132. What are the prime factors of z?
2, 3, 11
Suppose -5*z - 10 = -45. Let w(i) = z*i**2 + 7*i - 3*i + i**3 + 3*i + 3*i**2. What are the prime factors of w(-9)?
2, 3
Let h(p) = 6*p - 2*p - 3*p**2 - 3*p**3 + 0*p**3 + 4 + p**3. Let d be h(-3). Let o = d + -11. What are the prime factors of o?
2
Let m(o) = -11*o**3 - 3*o**2 - 2*o. Let h be m(-1). Let v(f) = f**2 + 4*f - 9. What are the prime factors of v(h)?
131
Let z = 1 - -11. Let y(x) = 6*x**3 + x**2. Let o be y(-1). Let g = o + z. List the prime factors of g.
7
What are the prime factors of (-24)/(-5 + -3) - -1016?
1019
Suppose -8*o + 132 = 60. Let p be (3/(-2))/((-3)/44). Let h = p - o. List the prime factors of h.
13
Let n = 1368 - 888. List the prime factors of n.
2, 3, 5
Let k = -20 - 1. Let j = 127 + k. What are the prime factors of j?
2, 53
Let b = -13 + 17. Suppose 144 = 3*j + a + 2*a, 0 = j + b*a - 51. What are the prime factors of j?
47
Let r(o) = 4*o - 2. Let w be r(9). Let i be (51/w)/(1/2). Suppose i*l + 20 = -2*l, -3*c + 60 = 3*l. List the prime factors of c.
2, 3
Let y = -158 - -247. Let r(i) = 2*i**2 + i - 1. Let t be r(-2). Suppose -4*n - t*u + y = 0, 3*u + 76 = 4*n - 5. What are the prime factors of n?
3, 7
Let q(b) be the first derivative of -2*b**3/3 + 125*b + 14. List the prime factors of q(0).
5
Let t = -198 + 563. List the prime factors of t.
5, 73
Let l = 1775 - 1208. List the prime factors of l.
3, 7
Let w be (-3405)/(-10)*(-4)/(-6). Suppose -7*b = -3*b + 5*k - 301, -5*k = 3*b - w. What are the prime factors of b?
2, 37
Suppose -2*t - a + 188 = 0, 3*t + a - 378 = -t. What are the prime factors of t?
5, 19
Let n = 52 - 26. Let h = -24 + n. List the prime factors of 3/(1 + h)*31.
31
Suppose -6*l - 90 = -5*l. Let v = l + 130. What are the prime factors of 21/2*v/15?
2, 7
Let p = -105 - -102. List the prime factors of p + 13/(13/140).
137
Let i = 835 - -196. List the prime factors of i.
1031
What are the prime factors of (-64)/3*(-231)/22?
2, 7
What are the prime factors of (-1)/(-6) - (-1441)/66?
2, 11
Let r = 637 + 62. List the prime factors of r.
3, 233
Suppose 2*z + 3*y - 2548 = 0, 2*z + y = 2112 + 432. List the prime factors of z.
31, 41
Let g(w) = -w + 44. Suppose -6*h = -n - 2*h - 33, -5*n - 4*h = 45. What are the prime factors of g(n)?
3, 19
Let y(l) = l**2 - 9*l + 18. Let o be y(13). Suppose -w - 3 + 5 = 0. Suppose -o = -w*c + 12. What are the prime factors of c?
41
Suppose 0*i + 2*y = -2*i + 40, -y = -5*i + 76. Suppose -i*m = -11*m - 55. Let k(s) = -s**3 + 10*s**2 + 14*s + 1. L